{"id":29,"date":"2022-12-19T22:36:33","date_gmt":"2022-12-19T21:36:33","guid":{"rendered":"https:\/\/qwazerty.com\/?page_id=29"},"modified":"2022-12-23T21:18:23","modified_gmt":"2022-12-23T20:18:23","slug":"interprete","status":"publish","type":"page","link":"https:\/\/qwazerty.com\/index.php\/interprete\/","title":{"rendered":"Interpr\u00e8te"},"content":{"rendered":"<h2><span style=\"text-decoration: underline;\"><img loading=\"lazy\" decoding=\"async\" class=\"wp-image-41 aligncenter\" src=\"https:\/\/qwazerty.com\/wp-content\/uploads\/2022\/12\/image-2.jpeg\" alt=\"\" width=\"256\" height=\"422\" srcset=\"https:\/\/qwazerty.com\/wp-content\/uploads\/2022\/12\/image-2.jpeg 720w, https:\/\/qwazerty.com\/wp-content\/uploads\/2022\/12\/image-2-437x720.jpeg 437w\" sizes=\"auto, (max-width: 256px) 100vw, 256px\" \/>Sa Formation vocale :<\/span><\/h2>\n<p>En plus de sa formation artistique (en \u00e9criture, en composition et en instruments), QwAzerty s&rsquo;est form\u00e9 en technique vocale en musiques actuelles (p\u00e9dagogie Richard Cross) aupr\u00e8s de <a href=\"https:\/\/www.markmarian.com\">Mark Marian<\/a> pendant de nombreuses ann\u00e9es.<\/p>\n<p>Passionn\u00e9 \u00e9galement par le jazz, il s&rsquo;est \u00e9galement confront\u00e9 au <em>scat<\/em>, \u00e0 l&rsquo;improvisation vocale et \u00e0 l&rsquo;expression sc\u00e9nique.<\/p>\n<p>C&rsquo;est surtout sur la sc\u00e8ne qu&rsquo;il a acquis le plus d&rsquo;exp\u00e9riences en chantant dans de nombreux concerts, festivals, galas, jam, soir\u00e9es, etc. du jazz, du rock, de la r&rsquo;n&rsquo;b&#8230;<\/p>\n<p><em>Vous pouvez d\u00e9couvrir toute son actualit\u00e9 musicale ainsi que l&rsquo;historique de ses concerts \u00e0 la page <a href=\"https:\/\/qwazerty.com\/index.php\/actualites\/\">Actualit\u00e9s<\/a>.<\/em><\/p>\n","protected":false},"excerpt":{"rendered":"<p>Sa Formation vocale : En plus de sa formation artistique (en \u00e9criture, en composition et en instruments), QwAzerty s&rsquo;est form\u00e9 en technique vocale en musiques actuelles (p\u00e9dagogie Richard Cross) aupr\u00e8s de Mark Marian pendant de nombreuses ann\u00e9es. Passionn\u00e9 \u00e9galement par le jazz, il s&rsquo;est \u00e9galement confront\u00e9 au scat, \u00e0 l&rsquo;improvisation vocale et \u00e0 l&rsquo;expression sc\u00e9nique. [&hellip;]<\/p>\n","protected":false},"author":1,"featured_media":0,"parent":0,"menu_order":0,"comment_status":"closed","ping_status":"closed","template":"","meta":{"footnotes":""},"class_list":["post-29","page","type-page","status-publish","hentry"],"yoast_head":"<!-- This site is optimized with the Yoast SEO plugin v24.8.1 - https:\/\/yoast.com\/wordpress\/plugins\/seo\/ -->\n<title>Interpr\u00e8te - QwAzerty<\/title>\n<meta name=\"robots\" content=\"index, follow, max-snippet:-1, max-image-preview:large, max-video-preview:-1\" \/>\n<link rel=\"canonical\" href=\"https:\/\/qwazerty.com\/index.php\/interprete\/\" \/>\n<meta property=\"og:locale\" content=\"fr_FR\" \/>\n<meta property=\"og:type\" content=\"article\" \/>\n<meta property=\"og:title\" content=\"Interpr\u00e8te - QwAzerty\" \/>\n<meta property=\"og:description\" content=\"Sa Formation vocale : En plus de sa formation artistique (en \u00e9criture, en composition et en instruments), QwAzerty s&rsquo;est form\u00e9 en technique vocale en musiques actuelles (p\u00e9dagogie Richard Cross) aupr\u00e8s de Mark Marian pendant de nombreuses ann\u00e9es. Passionn\u00e9 \u00e9galement par le jazz, il s&rsquo;est \u00e9galement confront\u00e9 au scat, \u00e0 l&rsquo;improvisation vocale et \u00e0 l&rsquo;expression sc\u00e9nique. [&hellip;]\" \/>\n<meta property=\"og:url\" content=\"https:\/\/qwazerty.com\/index.php\/interprete\/\" \/>\n<meta property=\"og:site_name\" content=\"QwAzerty\" \/>\n<meta property=\"article:modified_time\" content=\"2022-12-23T20:18:23+00:00\" \/>\n<meta property=\"og:image\" content=\"https:\/\/qwazerty.com\/wp-content\/uploads\/2022\/12\/image-2.jpeg\" \/>\n\t<meta property=\"og:image:width\" content=\"720\" \/>\n\t<meta property=\"og:image:height\" content=\"1187\" \/>\n\t<meta property=\"og:image:type\" content=\"image\/jpeg\" \/>\n<meta name=\"twitter:card\" content=\"summary_large_image\" \/>\n<meta name=\"twitter:label1\" content=\"Dur\u00e9e de lecture estim\u00e9e\" \/>\n\t<meta name=\"twitter:data1\" content=\"1 minute\" \/>\n<script type=\"application\/ld+json\" class=\"yoast-schema-graph\">{\"@context\":\"https:\/\/schema.org\",\"@graph\":[{\"@type\":\"WebPage\",\"@id\":\"https:\/\/qwazerty.com\/index.php\/interprete\/\",\"url\":\"https:\/\/qwazerty.com\/index.php\/interprete\/\",\"name\":\"Interpr\u00e8te - QwAzerty\",\"isPartOf\":{\"@id\":\"https:\/\/qwazerty.com\/#website\"},\"primaryImageOfPage\":{\"@id\":\"https:\/\/qwazerty.com\/index.php\/interprete\/#primaryimage\"},\"image\":{\"@id\":\"https:\/\/qwazerty.com\/index.php\/interprete\/#primaryimage\"},\"thumbnailUrl\":\"https:\/\/qwazerty.com\/wp-content\/uploads\/2022\/12\/image-2.jpeg\",\"datePublished\":\"2022-12-19T21:36:33+00:00\",\"dateModified\":\"2022-12-23T20:18:23+00:00\",\"breadcrumb\":{\"@id\":\"https:\/\/qwazerty.com\/index.php\/interprete\/#breadcrumb\"},\"inLanguage\":\"fr-FR\",\"potentialAction\":[{\"@type\":\"ReadAction\",\"target\":[\"https:\/\/qwazerty.com\/index.php\/interprete\/\"]}]},{\"@type\":\"ImageObject\",\"inLanguage\":\"fr-FR\",\"@id\":\"https:\/\/qwazerty.com\/index.php\/interprete\/#primaryimage\",\"url\":\"https:\/\/qwazerty.com\/wp-content\/uploads\/2022\/12\/image-2.jpeg\",\"contentUrl\":\"https:\/\/qwazerty.com\/wp-content\/uploads\/2022\/12\/image-2.jpeg\",\"width\":720,\"height\":1187},{\"@type\":\"BreadcrumbList\",\"@id\":\"https:\/\/qwazerty.com\/index.php\/interprete\/#breadcrumb\",\"itemListElement\":[{\"@type\":\"ListItem\",\"position\":1,\"name\":\"Accueil\",\"item\":\"https:\/\/qwazerty.com\/\"},{\"@type\":\"ListItem\",\"position\":2,\"name\":\"Interpr\u00e8te\"}]},{\"@type\":\"WebSite\",\"@id\":\"https:\/\/qwazerty.com\/#website\",\"url\":\"https:\/\/qwazerty.com\/\",\"name\":\"QwAzerty\",\"description\":\"Auteur Compositeur Interpr\u00e8te\",\"potentialAction\":[{\"@type\":\"SearchAction\",\"target\":{\"@type\":\"EntryPoint\",\"urlTemplate\":\"https:\/\/qwazerty.com\/?s={search_term_string}\"},\"query-input\":{\"@type\":\"PropertyValueSpecification\",\"valueRequired\":true,\"valueName\":\"search_term_string\"}}],\"inLanguage\":\"fr-FR\"}]}<\/script>\n<!-- \/ Yoast SEO plugin. -->","yoast_head_json":{"title":"Interpr\u00e8te - QwAzerty","robots":{"index":"index","follow":"follow","max-snippet":"max-snippet:-1","max-image-preview":"max-image-preview:large","max-video-preview":"max-video-preview:-1"},"canonical":"https:\/\/qwazerty.com\/index.php\/interprete\/","og_locale":"fr_FR","og_type":"article","og_title":"Interpr\u00e8te - QwAzerty","og_description":"Sa Formation vocale : En plus de sa formation artistique (en \u00e9criture, en composition et en instruments), QwAzerty s&rsquo;est form\u00e9 en technique vocale en musiques actuelles (p\u00e9dagogie Richard Cross) aupr\u00e8s de Mark Marian pendant de nombreuses ann\u00e9es. Passionn\u00e9 \u00e9galement par le jazz, il s&rsquo;est \u00e9galement confront\u00e9 au scat, \u00e0 l&rsquo;improvisation vocale et \u00e0 l&rsquo;expression sc\u00e9nique. [&hellip;]","og_url":"https:\/\/qwazerty.com\/index.php\/interprete\/","og_site_name":"QwAzerty","article_modified_time":"2022-12-23T20:18:23+00:00","og_image":[{"width":720,"height":1187,"url":"https:\/\/qwazerty.com\/wp-content\/uploads\/2022\/12\/image-2.jpeg","type":"image\/jpeg"}],"twitter_card":"summary_large_image","twitter_misc":{"Dur\u00e9e de lecture estim\u00e9e":"1 minute"},"schema":{"@context":"https:\/\/schema.org","@graph":[{"@type":"WebPage","@id":"https:\/\/qwazerty.com\/index.php\/interprete\/","url":"https:\/\/qwazerty.com\/index.php\/interprete\/","name":"Interpr\u00e8te - QwAzerty","isPartOf":{"@id":"https:\/\/qwazerty.com\/#website"},"primaryImageOfPage":{"@id":"https:\/\/qwazerty.com\/index.php\/interprete\/#primaryimage"},"image":{"@id":"https:\/\/qwazerty.com\/index.php\/interprete\/#primaryimage"},"thumbnailUrl":"https:\/\/qwazerty.com\/wp-content\/uploads\/2022\/12\/image-2.jpeg","datePublished":"2022-12-19T21:36:33+00:00","dateModified":"2022-12-23T20:18:23+00:00","breadcrumb":{"@id":"https:\/\/qwazerty.com\/index.php\/interprete\/#breadcrumb"},"inLanguage":"fr-FR","potentialAction":[{"@type":"ReadAction","target":["https:\/\/qwazerty.com\/index.php\/interprete\/"]}]},{"@type":"ImageObject","inLanguage":"fr-FR","@id":"https:\/\/qwazerty.com\/index.php\/interprete\/#primaryimage","url":"https:\/\/qwazerty.com\/wp-content\/uploads\/2022\/12\/image-2.jpeg","contentUrl":"https:\/\/qwazerty.com\/wp-content\/uploads\/2022\/12\/image-2.jpeg","width":720,"height":1187},{"@type":"BreadcrumbList","@id":"https:\/\/qwazerty.com\/index.php\/interprete\/#breadcrumb","itemListElement":[{"@type":"ListItem","position":1,"name":"Accueil","item":"https:\/\/qwazerty.com\/"},{"@type":"ListItem","position":2,"name":"Interpr\u00e8te"}]},{"@type":"WebSite","@id":"https:\/\/qwazerty.com\/#website","url":"https:\/\/qwazerty.com\/","name":"QwAzerty","description":"Auteur Compositeur Interpr\u00e8te","potentialAction":[{"@type":"SearchAction","target":{"@type":"EntryPoint","urlTemplate":"https:\/\/qwazerty.com\/?s={search_term_string}"},"query-input":{"@type":"PropertyValueSpecification","valueRequired":true,"valueName":"search_term_string"}}],"inLanguage":"fr-FR"}]}},"_links":{"self":[{"href":"https:\/\/qwazerty.com\/index.php\/wp-json\/wp\/v2\/pages\/29","targetHints":{"allow":["GET"]}}],"collection":[{"href":"https:\/\/qwazerty.com\/index.php\/wp-json\/wp\/v2\/pages"}],"about":[{"href":"https:\/\/qwazerty.com\/index.php\/wp-json\/wp\/v2\/types\/page"}],"author":[{"embeddable":true,"href":"https:\/\/qwazerty.com\/index.php\/wp-json\/wp\/v2\/users\/1"}],"replies":[{"embeddable":true,"href":"https:\/\/qwazerty.com\/index.php\/wp-json\/wp\/v2\/comments?post=29"}],"version-history":[{"count":5,"href":"https:\/\/qwazerty.com\/index.php\/wp-json\/wp\/v2\/pages\/29\/revisions"}],"predecessor-version":[{"id":95,"href":"https:\/\/qwazerty.com\/index.php\/wp-json\/wp\/v2\/pages\/29\/revisions\/95"}],"wp:attachment":[{"href":"https:\/\/qwazerty.com\/index.php\/wp-json\/wp\/v2\/media?parent=29"}],"curies":[{"name":"wp","href":"https:\/\/api.w.org\/{rel}","templated":true}]}}