{"id":25,"date":"2022-12-19T22:35:12","date_gmt":"2022-12-19T21:35:12","guid":{"rendered":"https:\/\/qwazerty.com\/?page_id=25"},"modified":"2026-03-23T22:39:05","modified_gmt":"2026-03-23T21:39:05","slug":"actualites","status":"publish","type":"page","link":"https:\/\/qwazerty.com\/index.php\/actualites\/","title":{"rendered":"Actualit\u00e9s"},"content":{"rendered":"<p>[vc_row][vc_column][vc_column_text]<\/p>\n<h2><span style=\"text-decoration: underline;\">Prochains Concerts (ouverts au public) :<\/span><\/h2>\n<p>Les concerts \u00ab\u00a0priv\u00e9s\u00a0\u00bb ne sont pas list\u00e9s<\/p>\n<p>2026 :<\/p>\n<ul>\n<li><span style=\"color: #0000ff;\"><strong>Jeudi 9 avril \u00e0 19h<\/strong><\/span> : L&rsquo;Alliance Bar 112 av Jean Jaur\u00e8s 75019 Paris m\u00e9tro Laumi\u00e8re,<\/li>\n<li><span style=\"color: #0000ff;\"><strong>Jeudi 14 mai \u00e0 17h<\/strong> <\/span>: Jardin du Luxembourg &#8211; Paris<\/li>\n<li><span style=\"color: #0000ff;\"><strong>Dimanche 17 mai \u00e0 16h<\/strong><\/span> : Parc Montsouris &#8211; Paris<\/li>\n<li><span style=\"color: #0000ff;\"><strong>Lundi 25 mai \u00e0 16h<\/strong><\/span> : Square des Epinettes &#8211; Paris<\/li>\n<li><span style=\"color: #0000ff;\"><strong>Dimanche 21 juin \u00e0 16h<\/strong><\/span> : Square Maurice Gardette &#8211; Paris<\/li>\n<li><span style=\"color: #0000ff;\"><strong>Samedi 27 juin \u00e0 16h<\/strong><\/span> : Place des F\u00eates &#8211; Paris<\/li>\n<li><span style=\"color: #0000ff;\"><strong>Dimanche 6 septembre \u00e0 16h<\/strong><\/span> : Square Villemin &#8211; Paris<\/li>\n<li><span style=\"color: #0000ff;\"><strong>Samedi 12 septembre \u00e0 16h<\/strong><\/span> : Square Reggiani &#8211; Paris<\/li>\n<li><span style=\"color: #0000ff;\"><strong>Samedi 19 septembre \u00e0 16h<\/strong><\/span> : Square Trousseau &#8211; Paris<\/li>\n<\/ul>\n<p>&nbsp;<\/p>\n<h2><span style=\"text-decoration: underline;\">Ses Projets :<\/span><\/h2>\n<p>En parall\u00e8le de multiples concerts, QwAzerty travaille en ce moment sur les projets artistiques suivants :<\/p>\n<ul>\n<li>La Cr\u00e9ation de son album jazz-rock<\/li>\n<li>La Tourn\u00e9e jazz de son concert<\/li>\n<\/ul>\n<h2><span style=\"text-decoration: underline;\"><img loading=\"lazy\" decoding=\"async\" class=\"wp-image-39 aligncenter\" src=\"https:\/\/qwazerty.com\/wp-content\/uploads\/2022\/12\/image.jpeg\" alt=\"\" width=\"267\" height=\"402\" \/><\/span><\/h2>\n<h2><span style=\"text-decoration: underline;\"><br \/>\nHistorique de ses Concerts (ouverts au public) :<\/span><\/h2>\n<p>&nbsp;<\/p>\n<p>2025 :<\/p>\n<ul>\n<li>Samedi 5 avril 2025 \u00e0 20h : avec Les Cuivres des Rails, \u00e0 \u00ab\u00a0L&rsquo;assoce\u00a0\u00bb, Salle \u00c9mile Zola &amp; Louis Dreyfus, 28 rue \u00c9mile Zola, 94130 Nogent Sur Marne<\/li>\n<li><a href=\"https:\/\/fb.me\/e\/iCkBBdxoc\">Samedi 26 avril \u00e0 15h<\/a> : avec Les Cuivres des Rails et la MAS &#8211; pour les 20 ans de la loi Handicap de 2005, 11 Rue de la Libert\u00e9, 93500 Pantin<\/li>\n<\/ul>\n<p>&nbsp;<\/p>\n<ul>\n<li><a href=\"https:\/\/fb.me\/e\/8AzcsI0yb\">Samedi 3 mai \u00e0 16h<\/a> : avec Les Cuivres des Rails, Square des \u00c9pinettes, 7 Rue Maria Deraismes, 75017 Paris<\/li>\n<li><a href=\"https:\/\/fb.me\/e\/aK8Yc3Nsp\">Jeudi 8 mai \u00e0 16h<\/a> : avec Les Cuivres des Rails, Place des F\u00eates, 75019 Paris<\/li>\n<li>Samedi 24 mai \u00e0 16h : Square Serge Reggiani, Place de Bitche, 75019 Paris<\/li>\n<li>Dimanche 25 mai \u00e0 17h : Kiosque du Jardin du Luxembourg, Boulevard Saint-Michel 75006 Paris<\/li>\n<li>Jeudi 29 mai \u00e0 16h : Square , 75018 Paris<\/li>\n<\/ul>\n<p>&nbsp;<\/p>\n<ul>\n<li><em>Samedi 21 Juin \u00e0 16 : avec Les Cuivres des Rails &#8211; Square Trousseau, 112 Rue du Faubourg St Antoine, 75012 Paris<\/em><\/li>\n<li><em>Dimanche 29 juin : avec Les Cuivres des Rails &#8211; Square du Temple &#8211; Elie Wiesel &#8211; 64 Rue de Bretagne, 75003 Paris<\/em><\/li>\n<\/ul>\n<p>&nbsp;<\/p>\n<ul>\n<li>Samedi 5 juillet : avec Les Cuivres des Rails &#8211; Square Montsouris &#8211; 2 Rue Gazan &#8211; 75014 Paris<\/li>\n<li><em>Dimanche 6 juillet : avec Les Cuivres des Rails &#8211; Parc Georges Brassens &#8211; 2 Place Jacques Marette &#8211; 75015 Paris<\/em><\/li>\n<\/ul>\n<p>&nbsp;<\/p>\n<ul>\n<li>Dimanche 7 septembre : avec Les Cuivres des Rails, Square des \u00c9pinettes, 7 Rue Maria Deraismes, 75017 Paris<\/li>\n<li><em><a href=\"https:\/\/fb.me\/e\/3G9WuJloD\">Samedi 13 septembre<\/a> : avec Les Cuivres des Rails &#8211; Square Maurice Gardette &#8211; 2 Rue du G\u00e9n\u00e9ral Blaise &#8211; 75011 Paris<\/em><\/li>\n<li>Dimanche 21 septembre : ***ANNUL\u00c9 *** &#8211; avec Les Cuivres des Rails &#8211; Square Violet &#8211; 4 Place Violet &#8211; 75015 Paris<\/li>\n<\/ul>\n<p>&nbsp;<\/p>\n<p>2024 :<\/p>\n<ul>\n<li><strong><a href=\"https:\/\/fb.me\/e\/3whPq0SQR\">Mercredi 15 mai \u00e0 20h<\/a> :<\/strong> avec Les Cuivres des Rails &#8211; <strong>H\u00f4pital Saint Marie<\/strong> 185 Rue Raymond Losserand &#8211; Paris 14 \u00e8me<br \/>\nEntrez dans l&rsquo;H\u00f4pital Saint Joseph, montez au 1er \u00e9tage (escalier ou ascenseur), marchez dans l&rsquo;all\u00e9e \u00e0 gauche (couverte) jusqu&rsquo;\u00e0 la porte 11. Entrez, tournez 3 fois \u00e0 droite pour entrer dans la salle de conf\u00e9rence o\u00f9 le concert aura lieu.<\/li>\n<\/ul>\n<p>&nbsp;<\/p>\n<ul>\n<li><strong><span style=\"color: #0000ff;\"><a style=\"color: #0000ff;\" href=\"https:\/\/fb.me\/e\/1HwE588BY\">Samedi 8 juin \u00e0 16h<\/a><\/span> : <\/strong>avec Les Cuivres des Rails &#8211; <strong>Square du Temple<\/strong> &#8211; 64 Rue de Bretagne &#8211; Paris 3 \u00e8me<\/li>\n<li><strong>Dimanche 9 juin \u00e0 16h :<\/strong>\u00a0avec Les Cuivres des Rails &#8211; <strong>Square Trousseau<\/strong> &#8211; 2 rue Antoine Vollon &#8211; Paris 12 \u00e8me<\/li>\n<li><a href=\"https:\/\/fb.me\/e\/5mt0i8NSI\"><strong>Vendredi 21 juin \u00e0 20h<\/strong><\/a> : F\u00caTE DE LA MUSIQUE avec Les Cuivres des Rails &#8211; <strong>Centre social et culturel Rosa-Parks<\/strong> (en ext\u00e9rieur ou en int\u00e9rieur s&rsquo;il pleut) &#8211; 219 Bd Macdonald &#8211; Paris 19 \u00e8me<\/li>\n<li><strong><a href=\"http:\/\/Vendredi 21 juin \u00e0 20h : F\u00caTE DE LA MUSIQUE avec Les Cuivres des Rails - Centre social et culturel Rosa-Parks (en ext\u00e9rieur ou en int\u00e9rieur s'il pleut) - 219 Bd Macdonald - Paris 19 \u00e8me\">Samedi 29 juin \u00e0 17h<\/a> :<\/strong> avec Les Cuivres des Rails &#8211; <strong>Square Violet<\/strong> &#8211; 4 Place Violet &#8211; Paris 15 \u00e8me<\/li>\n<li><strong><a href=\"https:\/\/fb.me\/e\/AXfT3lxTg\">Dimanche 30 juin \u00e0 17h<\/a> :<\/strong> avec Les Cuivres des Rails &#8211; <strong>Jardin du Luxembourg<\/strong> &#8211; Place Edmond Rostand &#8211; Paris 6 \u00e8me<\/li>\n<\/ul>\n<ul>\n<li><strong><a href=\"https:\/\/fb.me\/e\/5zplf36Jx\">Samedi 6 Juillet \u00e0 16h<\/a> :<\/strong> avec Les Cuivres des Rails &#8211; <strong>Parc Montsouris<\/strong> &#8211; 2 rue Gazan &#8211; Paris 14 \u00e8me<\/li>\n<li><strong><a href=\"https:\/\/fb.me\/e\/4Fol46ebW\">Dimanche 7 Juillet \u00e0 16h<\/a> :<\/strong> avec Les Cuivres des Rails &#8211; <strong>Square des Epinettes<\/strong> &#8211; 9 Rue Maria Deraismes &#8211; Paris 17 \u00e8me<\/li>\n<li><strong><a href=\"https:\/\/fb.me\/e\/5mM7AlEk7\">Samedi 13 Juillet \u00e0 16h<\/a> :<\/strong> avec Les Rails des Cuivres &#8211; <strong>Parc de Choisy<\/strong> &#8211; 128 avenue de Choisy &#8211; Paris 13 \u00e8me<\/li>\n<\/ul>\n<ul>\n<li><strong><a href=\"https:\/\/fb.me\/e\/2sfr425qE\">Samedi 14 Septembre \u00e0 16h<\/a> :<\/strong> avec Les Cuivres des Rails &#8211; <strong>Square Maurice Gardette<\/strong> &#8211; 2 rue du G\u00e9n\u00e9ral-Blaise &#8211; Paris 11 \u00e8me<\/li>\n<li><strong><a href=\"https:\/\/fb.me\/e\/3DqljWHhe\">Dimanche 15 Septembre \u00e0 16h<\/a> :<\/strong> avec Les Cuivres des Rails &#8211; <strong>Square Serge Reggiani<\/strong> &#8211; 6-8 Place de Bitche &#8211; Paris 19 \u00e8me<\/li>\n<li><strong><a href=\"https:\/\/fb.me\/e\/5IdNdUzov\">Samedi 21 Septembre \u00e0 16h<\/a> :<\/strong> avec Les Cuivres des Rails &#8211; <strong>Square Necker<\/strong> &#8211; 1 rue Tessier &#8211; Paris 15 \u00e8me<\/li>\n<li><strong><a href=\"https:\/\/fb.me\/e\/hmtewboAS\">Dimanche 22 Septembre \u00e0 16h<\/a> :<\/strong> avec Les Cuivres des Rails &#8211; <strong>Square Monseigneur Maillet<\/strong> &#8211; 1 Place des F\u00eates &#8211; Paris 19 \u00e8me<\/li>\n<li><strong><a href=\"https:\/\/fb.me\/e\/2rl5c3R9P\">Vendredi 27 Septembre \u00e0 20h<\/a> :<\/strong> avec Les Cuivres des Rails &#8211; <strong>Centre social et culturel Rosa-Parks<\/strong> &#8211; 219 Bd Macdonald &#8211; Paris 19 \u00e8me<\/li>\n<\/ul>\n<ul>\n<li><strong><a href=\"https:\/\/fb.me\/e\/4L76UdchP\">Samedi 12 octobre<\/a> :<\/strong> avec Les Cuivres des Rails &#8211; <strong>Ecole Vitruve<\/strong>\u00a0&#8211; Place de la R\u00e9union &#8211; Paris 20 \u00e8me<\/li>\n<\/ul>\n<p>&nbsp;<\/p>\n<p>2023 :<\/p>\n<p>&nbsp;<\/p>\n<ul>\n<li><strong>Vendredi 17 mars 2023 \u00e0 20h : <\/strong>avec Les Cuivres des Rails &#8211; <strong>H\u00f4pital Saint Marie<\/strong> 185 Rue Raymond Losserand &#8211; Paris 14 \u00e8me<\/li>\n<\/ul>\n<ul>\n<li><a href=\"https:\/\/fb.me\/e\/NnTO5qED\"><strong>Samedi 6 mai 2023 \u00e0 16h<\/strong><\/a> : avec Les Cuivres des Rails &#8211; Square Edouard Vaillant &#8211; Paris 20 \u00e8me<\/li>\n<li><a href=\"https:\/\/fb.me\/e\/4wJPxzo4x\"><strong>Dimanche 7 mai 2023 \u00e0 16h<\/strong> <\/a>: Les Cuivres des Rails &#8211; Square Maurice Gardette &#8211; 2 Rue du G\u00e9n\u00e9ral Blaise &#8211; Paris 11 \u00e8me<\/li>\n<\/ul>\n<ul>\n<li><a href=\"https:\/\/fb.me\/e\/7kBLNMf1c\"><strong>Lundi 8 mai 2023 \u00e0 16h<\/strong><\/a> : Les Cuivres des Rails &#8211; Square Monseigneur Maillet &#8211; 1 Place des F\u00eates &#8211; Paris 19 \u00e8me<\/li>\n<li><a href=\"https:\/\/fb.me\/e\/P6sYtfcO\"><strong>Samedi 20 mai 2023 17h00 environ<\/strong><\/a> : Les Cuivres des Rails &#8211; \u00ab\u00a0<strong><span style=\"color: #0000ff;\">Tutti Festival<\/span>\u00ab\u00a0<\/strong> Parc de la Vall\u00e9e &#8211; Mantes-la-Ville 78711<\/li>\n<li><a href=\"https:\/\/fb.me\/e\/2NlAulnNO\"><strong>Dimanche 28 mai 2023 \u00e0 16h<\/strong> <\/a>: Les Cuivres des Rails &#8211; Kiosque du Parc Montsouris &#8211; 2 Rue Gazan &#8211; Paris 14 \u00e8me<\/li>\n<\/ul>\n<ul>\n<li><a href=\"https:\/\/fb.me\/e\/5lGfimGuA\"><strong>Samedi 3 juin 2023 \u00e0 17h<\/strong><\/a> : Les Cuivres des Rails &#8211; Kiosque du jardin du Luxembourg &#8211; Paris 6 \u00e8me<\/li>\n<li><a href=\"https:\/\/fb.me\/e\/2uHUQr0JT\"><strong>Dimanche 11 juin 2023 \u00e0 16h<\/strong><\/a> : Les Cuivres des Rails &#8211; Square du Temple &#8211; 64 Rue de Bretagne &#8211; Paris 3 \u00e8me<\/li>\n<li><a href=\"https:\/\/fb.me\/e\/IWUxr8Bf\"><strong>Samedi 17 juin 2023 \u00e0 16h<\/strong> <\/a>: Les Cuivres des Rails &#8211; Square Violet &#8211; 4 Place Violet &#8211; Paris 15 \u00e8me<\/li>\n<li><a href=\"https:\/\/fb.me\/e\/2r9uLclUT\"><strong>Dimanche 18 juin 2023 \u00e0 16h<\/strong><\/a> : Les Cuivres des Rails &#8211; Square des Epinettes &#8211; 9 Rue Maria Deraismes &#8211; Paris 17 \u00e8me<\/li>\n<li><a href=\"https:\/\/fb.me\/e\/VOj3IdbI\"><strong>Mercredi 21 juin<\/strong> <strong>2023 <\/strong><\/a>: <span style=\"color: #ff0000;\"><strong>ANNUL\u00c9 <\/strong><\/span>Les Cuivres des Rails &#8211; <span style=\"color: #0000ff;\"><strong>F\u00eate de la Musique<\/strong><\/span><\/li>\n<li><a href=\"https:\/\/fb.me\/e\/yWD05roC\"><strong>Dimanche 25 juin 2023 entre 13h et 19h<\/strong> <\/a>: Les Cuivres des Rails &#8211; <span style=\"color: #0000ff;\"><strong>Festival &#8211; f\u00eate des vents<\/strong><\/span> &#8211; Parc Jean Vilar, rue des Processions &#8211; St Michel\/Orge 91240<\/li>\n<\/ul>\n<ul>\n<li><a href=\"https:\/\/fb.me\/e\/2uXEwpp4t\"><strong>Dimanche 2 juillet<\/strong><\/a> : <span style=\"color: #ff0000;\"><strong>ANNUL\u00c9 <\/strong><\/span>Les Cuivres des Rails &#8211; en apr\u00e8s-midi Kiosque de la Place de la Nation &#8211; Paris 12 \u00e8me<\/li>\n<\/ul>\n<ul>\n<li><a href=\"https:\/\/fb.me\/e\/17D9bdaYn\"><strong>Samedi 9 septembre \u00e0 16h<\/strong><\/a> : Les Cuivres des Rails &#8211; Square Serge Reggiani &#8211; 6-8 Place de Bitche &#8211; Paris 19 \u00e8me<\/li>\n<li>Vendredi 29 septembre \u00e0 19h30 : Les Cuivres des Rails &#8211; Le Cirque \u00c9lectrique &#8211; Place du Maquis du Vercors &#8211; Paris 20 \u00e8me<\/li>\n<li>Samedi 30 septembre \u00e0 19h30 : Les Cuivres des Rails &#8211; Centre Rosa Parks &#8211; 219 Boulevard Macdonald &#8211; Paris 19 \u00e8me<\/li>\n<\/ul>\n<ul>\n<li><strong><a href=\"https:\/\/fb.me\/e\/4EacP1fSq\">Jeudi 9 novembre 2023 \u00e0 20h<\/a> : <\/strong>avec Les Cuivres des Rails &#8211; <strong>H\u00f4pital Saint Marie<\/strong> 185 Rue Raymond Losserand &#8211; Paris 14 \u00e8me<br \/>\nEntrez dans l&rsquo;H\u00f4pital Saint Joseph, montez au 1er \u00e9tage (escalier ou ascenseur), marchez dans l&rsquo;all\u00e9e \u00e0 gauche (couverte) jusqu&rsquo;\u00e0 la porte 11. Entrez, tournez 3 fois \u00e0 droite pour entrer dans la salle de conf\u00e9rence o\u00f9 le concert aura lieu.<\/li>\n<li><\/li>\n<\/ul>\n<p>2022 :<\/p>\n<ul>\n<li><strong>Caveau de la Huchette<\/strong>\u00a0&#8211; Guest avec l&rsquo;Orchestre\u00a0<em>Puissance Jazz<\/em> (chanteur soliste)<\/li>\n<li><strong>Festival des Vents<\/strong> &#8211;\u00a0Concert avec le Big Band de Jazz <em>Les Cuivres des Rails<\/em> (chanteur soliste)<\/li>\n<li><strong>Place des F\u00eates<\/strong> &#8211;\u00a0Concert avec\u00a0<em>Les Cuivres des Rails<\/em> (chanteur soliste)<\/li>\n<li><strong>Square Monseigneur Maillet<\/strong> (75019) &#8211; Concert avec le Big Band de Jazz <em>Les Cuivres des Rails<\/em> (chanteur soliste)<\/li>\n<li><strong>Square Violet<\/strong> (75015) &#8211;\u00a0Concert avec\u00a0<em>Les Cuivres des Rails<\/em> (chanteur soliste)<\/li>\n<li><strong>Square Maurice Gardette<\/strong> (75011) &#8211;\u00a0Concert avec\u00a0<em>Les Cuivres des Rails<\/em> (chanteur soliste)<\/li>\n<li><strong>Square Trousseau<\/strong> (75012) &#8211;\u00a0Concert avec\u00a0<em>Les Cuivres des Rails<\/em> (chanteur soliste)<\/li>\n<li>Enregistrement d&rsquo;un album de Jazz avec le Big Band de Jazz\u00a0<em>Les Cuivres des Rails<img loading=\"lazy\" decoding=\"async\" class=\"size-medium wp-image-44 aligncenter\" src=\"https:\/\/qwazerty.com\/wp-content\/uploads\/2022\/12\/image-5-650x433.jpeg\" alt=\"\" width=\"650\" height=\"433\" srcset=\"https:\/\/qwazerty.com\/wp-content\/uploads\/2022\/12\/image-5-650x433.jpeg 650w, https:\/\/qwazerty.com\/wp-content\/uploads\/2022\/12\/image-5-325x217.jpeg 325w\" sizes=\"auto, (max-width: 650px) 100vw, 650px\" \/><\/em><\/li>\n<\/ul>\n<p>2021 :<\/p>\n<ul>\n<li><strong>Buttes-Chaumont<\/strong> &#8211; Concert avec\u00a0<em>Les Cuivres des Rails<\/em> (chanteur soliste)<\/li>\n<li><strong>Cirque \u00c9lectrique<\/strong> &#8211;\u00a0Concert avec\u00a0<em>Les Cuivres des Rails<\/em> (chanteur soliste)<\/li>\n<li><strong>Cours Florent Paris<\/strong> &#8211;\u00a0<em>Verum Est Nisi Illusio<\/em>, composition musicale de Claire Kmy (clarinette)<\/li>\n<li><strong>Square Serge Reggiani<\/strong> (75019) &#8211;\u00a0Concert avec\u00a0<em>Les Cuivres des Rails<\/em> (chanteur soliste)<\/li>\n<li><strong>Square Ren\u00e9 Villemin<\/strong>\u00a0(75010) &#8211;\u00a0Concert avec\u00a0<em>Les Cuivres des Rails<\/em> (chanteur soliste)<\/li>\n<\/ul>\n<p>&nbsp;<\/p>\n<p>2020 :<\/p>\n<ul>\n<li><strong>H\u00f4pital Saint-Joseph<\/strong> &#8211;\u00a0Concert avec <em>Les Cuivres des Rails<\/em> (chanteur soliste)<\/li>\n<li><strong>Square Sarah-Bernhardt<\/strong> &#8211; Concert avec <em>Les Cuivres des Rails<\/em> (chanteur soliste)<\/li>\n<li>Fontenay-Torcy<\/li>\n<\/ul>\n<p>&nbsp;<\/p>\n<p>Ant\u00e9rieurs (liste non-exhaustive) :<\/p>\n<ul>\n<li><strong>Manufacture de la Chanson<\/strong> &#8211; Interpr\u00e9tation de ses propres compositions (chanteur soliste)<\/li>\n<li><strong>Forum L\u00e9o Ferr\u00e9<\/strong> &#8211; Interpr\u00e9tation de ses propres compositions<\/li>\n<li><strong>Salle des Festivals d&rsquo;Avoriaz<\/strong> &#8211; Prix de la meilleur Interpr\u00e9tation, The Voice Avoriaz<\/li>\n<li><strong>Mairie du 14\u00e8me<\/strong> &#8211;\u00a0Concert avec <em>Les Cuivres des Rails<\/em> (chanteur soliste)<\/li>\n<li><strong>Paris-Versailles<\/strong> &#8211; Concert avec <em>Les Cuivres des Rails<\/em> (chanteur soliste)<\/li>\n<li><strong>Th\u00e9\u00e2tre Saint-L\u00e9on<\/strong> &#8211;\u00a0<em>Modern Song,<\/em> dirig\u00e9 par Michel d&rsquo;Ottaviani (chanteur)<\/li>\n<li><strong>Th\u00e9\u00e2tre de la Tour Eiffel<\/strong>\u00a0&#8211;\u00a0<em>C&rsquo;\u00e9tait les Sixties,\u00a0<\/em>dirig\u00e9 par Michel d&rsquo;Ottaviani (chanteur)<\/li>\n<li><strong>Mairie de Saint-Maur<\/strong> &#8211; Concert avec <em>Les Cuivres des Rails<\/em> (chanteur soliste)<\/li>\n<li><strong>Festival de Brandy les Tours<\/strong> &#8211; Concert avec <em>Les Cuivres des Rails<\/em> (chanteur soliste)<\/li>\n<li><strong>Kib\u00e9l\u00e9<\/strong> &#8211; Dirig\u00e9 par Mark Marian (chanteur soliste)<\/li>\n<li><strong>Le Mathurin<\/strong> &#8211; Concert avec <em>Les Cuivres des Rails<\/em> (chanteur soliste)<\/li>\n<li><strong>Le Pin Pays du Calvados<\/strong> &#8211; Concert avec <em>Les Cuivres des Rails<\/em> (chanteur soliste)<\/li>\n<li><strong>Riceys<\/strong> &#8211; Concert avec <em>Les Cuivres des Rails<\/em> (chanteur soliste)<\/li>\n<li><strong>Plaine-Lagny<\/strong> &#8211; Concert avec <em>Les Cuivres des Rails<\/em> (chanteur soliste)<\/li>\n<li><strong>Bagneux-la-Fosse<\/strong> &#8211;\u00a0Concert avec <em>Les Cuivres des Rails<\/em> (chanteur soliste)<\/li>\n<\/ul>\n<p>[\/vc_column_text][\/vc_column][\/vc_row]<\/p>\n","protected":false},"excerpt":{"rendered":"<p>[vc_row][vc_column][vc_column_text] Prochains Concerts (ouverts au public) : Les concerts \u00ab\u00a0priv\u00e9s\u00a0\u00bb ne sont pas list\u00e9s 2026 : Jeudi 9 avril \u00e0 19h : L&rsquo;Alliance Bar 112 av Jean Jaur\u00e8s 75019 Paris m\u00e9tro Laumi\u00e8re, Jeudi 14 mai \u00e0 17h : Jardin du Luxembourg &#8211; Paris Dimanche 17 mai \u00e0 16h : Parc Montsouris &#8211; Paris Lundi 25 [&hellip;]<\/p>\n","protected":false},"author":1,"featured_media":0,"parent":0,"menu_order":0,"comment_status":"closed","ping_status":"closed","template":"","meta":{"footnotes":""},"class_list":["post-25","page","type-page","status-publish","hentry"],"yoast_head":"<!-- This site is optimized with the Yoast SEO plugin v24.8.1 - https:\/\/yoast.com\/wordpress\/plugins\/seo\/ -->\n<title>Actualit\u00e9s - QwAzerty<\/title>\n<meta name=\"robots\" content=\"index, follow, max-snippet:-1, max-image-preview:large, max-video-preview:-1\" \/>\n<link rel=\"canonical\" href=\"https:\/\/qwazerty.com\/index.php\/actualites\/\" \/>\n<meta property=\"og:locale\" content=\"fr_FR\" \/>\n<meta property=\"og:type\" content=\"article\" \/>\n<meta property=\"og:title\" content=\"Actualit\u00e9s - QwAzerty\" \/>\n<meta property=\"og:description\" content=\"[vc_row][vc_column][vc_column_text] Prochains Concerts (ouverts au public) : Les concerts \u00ab\u00a0priv\u00e9s\u00a0\u00bb ne sont pas list\u00e9s 2026 : Jeudi 9 avril \u00e0 19h : L&rsquo;Alliance Bar 112 av Jean Jaur\u00e8s 75019 Paris m\u00e9tro Laumi\u00e8re, Jeudi 14 mai \u00e0 17h : Jardin du Luxembourg &#8211; Paris Dimanche 17 mai \u00e0 16h : Parc Montsouris &#8211; Paris Lundi 25 [&hellip;]\" \/>\n<meta property=\"og:url\" content=\"https:\/\/qwazerty.com\/index.php\/actualites\/\" \/>\n<meta property=\"og:site_name\" content=\"QwAzerty\" \/>\n<meta property=\"article:modified_time\" content=\"2026-03-23T21:39:05+00:00\" \/>\n<meta property=\"og:image\" content=\"https:\/\/qwazerty.com\/wp-content\/uploads\/2022\/12\/image.jpeg\" \/>\n\t<meta property=\"og:image:width\" content=\"424\" \/>\n\t<meta property=\"og:image:height\" content=\"640\" \/>\n\t<meta property=\"og:image:type\" content=\"image\/jpeg\" \/>\n<meta name=\"twitter:card\" content=\"summary_large_image\" \/>\n<meta name=\"twitter:label1\" content=\"Dur\u00e9e de lecture estim\u00e9e\" \/>\n\t<meta name=\"twitter:data1\" content=\"8 minutes\" \/>\n<script type=\"application\/ld+json\" class=\"yoast-schema-graph\">{\"@context\":\"https:\/\/schema.org\",\"@graph\":[{\"@type\":\"WebPage\",\"@id\":\"https:\/\/qwazerty.com\/index.php\/actualites\/\",\"url\":\"https:\/\/qwazerty.com\/index.php\/actualites\/\",\"name\":\"Actualit\u00e9s - QwAzerty\",\"isPartOf\":{\"@id\":\"https:\/\/qwazerty.com\/#website\"},\"primaryImageOfPage\":{\"@id\":\"https:\/\/qwazerty.com\/index.php\/actualites\/#primaryimage\"},\"image\":{\"@id\":\"https:\/\/qwazerty.com\/index.php\/actualites\/#primaryimage\"},\"thumbnailUrl\":\"https:\/\/qwazerty.com\/wp-content\/uploads\/2022\/12\/image.jpeg\",\"datePublished\":\"2022-12-19T21:35:12+00:00\",\"dateModified\":\"2026-03-23T21:39:05+00:00\",\"breadcrumb\":{\"@id\":\"https:\/\/qwazerty.com\/index.php\/actualites\/#breadcrumb\"},\"inLanguage\":\"fr-FR\",\"potentialAction\":[{\"@type\":\"ReadAction\",\"target\":[\"https:\/\/qwazerty.com\/index.php\/actualites\/\"]}]},{\"@type\":\"ImageObject\",\"inLanguage\":\"fr-FR\",\"@id\":\"https:\/\/qwazerty.com\/index.php\/actualites\/#primaryimage\",\"url\":\"https:\/\/qwazerty.com\/wp-content\/uploads\/2022\/12\/image.jpeg\",\"contentUrl\":\"https:\/\/qwazerty.com\/wp-content\/uploads\/2022\/12\/image.jpeg\",\"width\":424,\"height\":640},{\"@type\":\"BreadcrumbList\",\"@id\":\"https:\/\/qwazerty.com\/index.php\/actualites\/#breadcrumb\",\"itemListElement\":[{\"@type\":\"ListItem\",\"position\":1,\"name\":\"Accueil\",\"item\":\"https:\/\/qwazerty.com\/\"},{\"@type\":\"ListItem\",\"position\":2,\"name\":\"Actualit\u00e9s\"}]},{\"@type\":\"WebSite\",\"@id\":\"https:\/\/qwazerty.com\/#website\",\"url\":\"https:\/\/qwazerty.com\/\",\"name\":\"QwAzerty\",\"description\":\"Auteur Compositeur Interpr\u00e8te\",\"potentialAction\":[{\"@type\":\"SearchAction\",\"target\":{\"@type\":\"EntryPoint\",\"urlTemplate\":\"https:\/\/qwazerty.com\/?s={search_term_string}\"},\"query-input\":{\"@type\":\"PropertyValueSpecification\",\"valueRequired\":true,\"valueName\":\"search_term_string\"}}],\"inLanguage\":\"fr-FR\"}]}<\/script>\n<!-- \/ Yoast SEO plugin. -->","yoast_head_json":{"title":"Actualit\u00e9s - QwAzerty","robots":{"index":"index","follow":"follow","max-snippet":"max-snippet:-1","max-image-preview":"max-image-preview:large","max-video-preview":"max-video-preview:-1"},"canonical":"https:\/\/qwazerty.com\/index.php\/actualites\/","og_locale":"fr_FR","og_type":"article","og_title":"Actualit\u00e9s - QwAzerty","og_description":"[vc_row][vc_column][vc_column_text] Prochains Concerts (ouverts au public) : Les concerts \u00ab\u00a0priv\u00e9s\u00a0\u00bb ne sont pas list\u00e9s 2026 : Jeudi 9 avril \u00e0 19h : L&rsquo;Alliance Bar 112 av Jean Jaur\u00e8s 75019 Paris m\u00e9tro Laumi\u00e8re, Jeudi 14 mai \u00e0 17h : Jardin du Luxembourg &#8211; Paris Dimanche 17 mai \u00e0 16h : Parc Montsouris &#8211; Paris Lundi 25 [&hellip;]","og_url":"https:\/\/qwazerty.com\/index.php\/actualites\/","og_site_name":"QwAzerty","article_modified_time":"2026-03-23T21:39:05+00:00","og_image":[{"width":424,"height":640,"url":"https:\/\/qwazerty.com\/wp-content\/uploads\/2022\/12\/image.jpeg","type":"image\/jpeg"}],"twitter_card":"summary_large_image","twitter_misc":{"Dur\u00e9e de lecture estim\u00e9e":"8 minutes"},"schema":{"@context":"https:\/\/schema.org","@graph":[{"@type":"WebPage","@id":"https:\/\/qwazerty.com\/index.php\/actualites\/","url":"https:\/\/qwazerty.com\/index.php\/actualites\/","name":"Actualit\u00e9s - QwAzerty","isPartOf":{"@id":"https:\/\/qwazerty.com\/#website"},"primaryImageOfPage":{"@id":"https:\/\/qwazerty.com\/index.php\/actualites\/#primaryimage"},"image":{"@id":"https:\/\/qwazerty.com\/index.php\/actualites\/#primaryimage"},"thumbnailUrl":"https:\/\/qwazerty.com\/wp-content\/uploads\/2022\/12\/image.jpeg","datePublished":"2022-12-19T21:35:12+00:00","dateModified":"2026-03-23T21:39:05+00:00","breadcrumb":{"@id":"https:\/\/qwazerty.com\/index.php\/actualites\/#breadcrumb"},"inLanguage":"fr-FR","potentialAction":[{"@type":"ReadAction","target":["https:\/\/qwazerty.com\/index.php\/actualites\/"]}]},{"@type":"ImageObject","inLanguage":"fr-FR","@id":"https:\/\/qwazerty.com\/index.php\/actualites\/#primaryimage","url":"https:\/\/qwazerty.com\/wp-content\/uploads\/2022\/12\/image.jpeg","contentUrl":"https:\/\/qwazerty.com\/wp-content\/uploads\/2022\/12\/image.jpeg","width":424,"height":640},{"@type":"BreadcrumbList","@id":"https:\/\/qwazerty.com\/index.php\/actualites\/#breadcrumb","itemListElement":[{"@type":"ListItem","position":1,"name":"Accueil","item":"https:\/\/qwazerty.com\/"},{"@type":"ListItem","position":2,"name":"Actualit\u00e9s"}]},{"@type":"WebSite","@id":"https:\/\/qwazerty.com\/#website","url":"https:\/\/qwazerty.com\/","name":"QwAzerty","description":"Auteur Compositeur Interpr\u00e8te","potentialAction":[{"@type":"SearchAction","target":{"@type":"EntryPoint","urlTemplate":"https:\/\/qwazerty.com\/?s={search_term_string}"},"query-input":{"@type":"PropertyValueSpecification","valueRequired":true,"valueName":"search_term_string"}}],"inLanguage":"fr-FR"}]}},"_links":{"self":[{"href":"https:\/\/qwazerty.com\/index.php\/wp-json\/wp\/v2\/pages\/25","targetHints":{"allow":["GET"]}}],"collection":[{"href":"https:\/\/qwazerty.com\/index.php\/wp-json\/wp\/v2\/pages"}],"about":[{"href":"https:\/\/qwazerty.com\/index.php\/wp-json\/wp\/v2\/types\/page"}],"author":[{"embeddable":true,"href":"https:\/\/qwazerty.com\/index.php\/wp-json\/wp\/v2\/users\/1"}],"replies":[{"embeddable":true,"href":"https:\/\/qwazerty.com\/index.php\/wp-json\/wp\/v2\/comments?post=25"}],"version-history":[{"count":71,"href":"https:\/\/qwazerty.com\/index.php\/wp-json\/wp\/v2\/pages\/25\/revisions"}],"predecessor-version":[{"id":213,"href":"https:\/\/qwazerty.com\/index.php\/wp-json\/wp\/v2\/pages\/25\/revisions\/213"}],"wp:attachment":[{"href":"https:\/\/qwazerty.com\/index.php\/wp-json\/wp\/v2\/media?parent=25"}],"curies":[{"name":"wp","href":"https:\/\/api.w.org\/{rel}","templated":true}]}}